e greatest common divisor of 1860 and 454819755?
465
Calculate the greatest common divisor of 693671 and 1301652.
209
What is the highest common divisor of 47 and 277843226?
47
What is the highest common factor of 7767829 and 92049?
503
What is the highest common factor of 16194464 and 2860?
572
What is the highest common factor of 304928 and 3705?
13
Calculate the greatest common factor of 15807 and 725868.
33
What is the highest common divisor of 6728022 and 252?
126
What is the greatest common factor of 16768 and 167853968?
2096
What is the greatest common factor of 23296 and 64428?
364
What is the highest common divisor of 136752 and 1088?
16
What is the greatest common divisor of 52 and 211448?
4
Calculate the greatest common factor of 434 and 346206.
14
What is the highest common divisor of 21 and 419617842?
21
What is the greatest common factor of 152 and 59034919?
19
Calculate the greatest common factor of 126322 and 335140.
2578
Calculate the greatest common divisor of 120 and 158024040.
120
What is the greatest common divisor of 42192811 and 647?
647
Calculate the greatest common factor of 15791938 and 138.
46
What is the highest common factor of 15918843 and 8991?
111
What is the greatest common divisor of 50 and 107917270?
10
Calculate the highest common divisor of 5757 and 5172311.
101
Calculate the highest common divisor of 259 and 99008966.
259
Calculate the highest common divisor of 10 and 77803910.
10
What is the highest common factor of 54 and 2726700300?
54
What is the greatest common divisor of 940 and 225895?
5
Calculate the highest common divisor of 64283021 and 16995.
1133
Calculate the highest common divisor of 58166 and 27.
1
Calculate the greatest common divisor of 1071 and 4230756.
153
Calculate the greatest common divisor of 391534 and 150997.
407
Calculate the highest common factor of 247 and 2288663.
13
What is the highest common factor of 122904 and 244?
4
What is the highest common divisor of 906372 and 30600?
612
What is the greatest common divisor of 1102824476 and 4303?
4303
What is the highest common factor of 1357 and 27163?
23
What is the greatest common factor of 10438 and 28274086?
614
What is the greatest common factor of 262656 and 992?
32
Calculate the greatest common divisor of 13 and 33211386.
13
What is the greatest common divisor of 3 and 47224836?
3
Calculate the greatest common divisor of 1492 and 158758498.
746
What is the highest common divisor of 111767237 and 4274?
2137
Calculate the greatest common divisor of 5059132884 and 508.
508
What is the highest common factor of 74614158 and 928?
58
What is the greatest common divisor of 109984365 and 360?
45
What is the highest common divisor of 2349 and 3631689?
27
Calculate the highest common divisor of 2727 and 21928716.
909
What is the highest common divisor of 404359732 and 56?
28
Calculate the greatest common divisor of 1782 and 1083786.
66
What is the highest common divisor of 1519 and 33790106?
49
What is the greatest common divisor of 1329642 and 1692?
18
What is the highest common divisor of 1573 and 41049008?
1573
Calculate the highest common factor of 2357368 and 10737.
1193
Calculate the greatest common factor of 29814 and 31785.
3
Calculate the greatest common divisor of 855784 and 7544.
184
What is the greatest common divisor of 1057 and 92171759?
151
Calculate the highest common divisor of 775487 and 252041.
103
What is the highest common divisor of 110 and 41314075?
55
What is the highest common factor of 4334 and 38297?
1
What is the highest common factor of 296 and 796755928?
296
What is the highest common factor of 68525106 and 60?
6
What is the greatest common factor of 875 and 53907925?
25
Calculate the highest common divisor of 50 and 43486210.
10
Calculate the highest common divisor of 290104445 and 301.
43
Calculate the highest common divisor of 5739 and 164621302.
1913
What is the greatest common divisor of 318 and 673890?
6
Calculate the highest common divisor of 78190460 and 10.
10
What is the greatest common divisor of 1299362 and 1006411?
1081
Calculate the greatest common factor of 12 and 36975704.
4
Calculate the highest common divisor of 19199568 and 10600.
424
What is the greatest common factor of 30199048 and 12020?
2404
What is the greatest common factor of 1133 and 22131301?
103
Calculate the highest common factor of 4175 and 2937825.
25
What is the greatest common divisor of 210045 and 7680?
15
Calculate the highest common divisor of 805157 and 22607.
1739
What is the highest common factor of 1935 and 11191395?
645
What is the greatest common divisor of 10200 and 437326275?
1275
Calculate the highest common divisor of 7997 and 32461.
11
What is the highest common factor of 2587552 and 143?
11
Calculate the greatest common divisor of 67050 and 227250.
450
What is the highest common factor of 160 and 89199600?
80
Calculate the highest common divisor of 1107 and 5135906.
41
What is the highest common divisor of 65898515 and 34120?
4265
What is the greatest common factor of 26619906 and 12?
6
Calculate the highest common factor of 186507049 and 3241.
463
What is the greatest common divisor of 6334063 and 295?
59
What is the highest common divisor of 19939 and 1651?
127
What is the greatest common divisor of 1152 and 47733696?
576
What is the highest common factor of 40 and 44168910?
10
What is the greatest common divisor of 2255 and 461802?
11
What is the greatest common divisor of 9133176 and 4680?
312
Calculate the greatest common factor of 2838 and 6450.
258
Calculate the highest common factor of 21549 and 4736209.
653
What is the highest common factor of 3707 and 5824371?
337
What is the greatest common divisor of 623386 and 7102?
106
Calculate the greatest common divisor of 10753276 and 9752.
212
Calculate the highest common factor of 2467420 and 126260.
2140
Calculate the highest common factor of 1668 and 5861491.
139
What is the greatest common factor of 21295049 and 11201?
487
What is the highest common factor of 2352 and 17414061?
147
Calculate the highest common factor of 137070862 and 3086.
3086
What is the highest common factor of 2770088 and 100?
4
Calculate the highest common divisor of 24 and 121640436.
12
Calculate the greatest common divisor of 2612 and 13280714.
1306
Calculate the highest common factor of 92 and 9026166.
46
Calculate the highest common divisor of 119 and 975171.
17
What is the greatest common divisor of 4376272 and 16?
16
Calculate the highest common factor of 35835615 and 4560.
285
Calculate the highest common divisor of 11925 and 26100.
225
What is the greatest common divisor of 465006 and 3078?
114
What is the highest common divisor of 493265920 and 448?
448
Calculate the greatest common factor of 26343 and 3304583.
2927
What is the highest common factor of 94414290 and 60?
30
Calculate the highest common factor of 126 and 3691287.
9
Calculate the highest common divisor of 1110496 and 3232.
32
Calculate the highest common factor of 27159 and 2607.
33
Calculate the highest common divisor of 83502 and 3492.
18
What is the highest common divisor of 19281332 and 350?
14
Calculate the greatest common divisor of 5773964 and 4984.
2492
Calculate the greatest common factor of 11025406 and 2422.
14
Calculate the highest common divisor of 11484 and 4269177.
2871
What is the highest common factor of 108032 and 242390048?
6752
What is the greatest common divisor of 213179816 and 8?
8
Calculate the greatest common divisor of 3834 and 3910538.
142
What is the greatest common factor of 711950 and 1250?
50
What is the highest common divisor of 6566 and 1451968?
98
Calculate the highest common factor of 20 and 28982765.
5
What is the greatest common divisor of 25 and 472418?
1
Calculate the highest common factor of 18973122 and 714.
714
What is the highest common factor of 77013 and 5?
1
What is the greatest common factor of 26103 and 153899559?
3729
What is the greatest common factor of 4284 and 17057460?
1428
What is the greatest common divisor of 32534800 and 10432?
2608
Calculate the highest common divisor of 66 and 4003593.
33
What is the greatest common divisor of 100170 and 8290170?
630
What is the highest common divisor of 20470202 and 14485?
2897
What is the highest common divisor 